10
Evaluate 11 - ((12 - -3) + 11).
-15
Calculate (-1288 - -1250) + (12 - (2 + -1)).
-27
Calculate (-3 - (-22 - (-5 - 0))) + 2 + -6.
10
What is the value of 5 + -13 + 15 + (-1 - 3 - -14)?
17
What is 5 + (-1 - -8 - (-132 - -137))?
7
What is -2 + (12 - (-8 + 15 + (3 - 2)))?
2
What is 32 + 12 + -39 + 10?
15
Evaluate 19 + -10 - (-4 + 3) - (4 + -23).
29
Evaluate (-1 - 12) + 71 + -63 + 12.
7
Calculate -28 - (15 - 19) - -10.
-14
-8 + 8 + (0 - 2) - (18 - 16)
-4
What is the value of 9 + -1 - (401 - 411)?
18
What is the value of (-418 - -396) + (3 - -26)?
7
-5 + -3 + 1 + (-3 - 8)
-18
What is the value of 5 - (-17 + 14) - (14 + 1)?
-7
Evaluate (18 - -6) + (5 - 12) + 9.
26
(3 + -11 + 6 - 2) + 6 + -14
-12
6 - ((5 - -1) + -9) - -3
12
What is -1 + 12 + (14 - 2) + -23 + 4?
4
Calculate -10 + -3 + (0 - (-4 - -3)) + 34.
22
What is the value of -1 + 41 + -33 + -2 + 0?
5
Evaluate -1 + -14 + (-216 - -215).
-16
(-4 - 1) + (16 - -3) + 0
14
Evaluate -1 - 1 - (-8 - (15 + -36)).
-15
What is 76 + -72 + (1 - -9)?
14
Evaluate 8 + -2 + (5 - -1) + -4.
8
Evaluate 1 - 1 - (30 - 31 - -16).
-15
1 + -1 + -6 - (14 + -22)
2
Calculate 30 - 23 - 16 - (-6 + 1).
-4
Calculate 4 + -3 + -1 + (20 - 6 - 5).
9
Evaluate (-10 - 0) + -10 + -2 + 9.
-13
What is 20 + -52 + 30 - -8?
6
What is the value of 1 + 3 + 0 + 6 + -15?
-5
What is 0 + -2 + (3 + -13 - -15) + -4?
-1
Evaluate (639 - 641) + -1 + 3.
0
6 - ((10 - (6 - 12 - -10)) + 4)
-4
What is the value of 8 - (6 - (10 + -14))?
-2
-1 - -6 - (-7 + (6 - 9) + 5)
10
Evaluate 69 - (77 - (50 + -11)).
31
What is (13 - (29 + 20 + -11)) + 0 + 9?
-16
What is the value of 2 + -6 - (-9 - (-5 - 6)) - -23?
17
Evaluate (-32 + 13 - -28) + 11.
20
Evaluate 169 + -151 - (5 + 13).
0
4 + -7 - -20 - (18 - 9)
8
-15 + (13 - (-11 - -23))
-14
30 - (42 - 25 - -14)
-1
-6 + 4 + -2 + -2 + (12 - 10)
-4
Evaluate -490 + 499 + -1 + (-21 - 0) + -3.
-16
Calculate 12 + -2 + 3 + -2 + 16 + -18.
9
Evaluate (-8 - 1 - 0) + -823 + 840.
8
Evaluate -1 - (14 + -15 - -3).
-3
Evaluate (0 - 14) + -2 + -4.
-20
Evaluate 428 - 408 - (1 - -8).
11
What is the value of (7 - 4) + (12 + -13 - -6)?
8
What is the value of -10 + 0 + 0 + (610 - 601)?
-1
What is -10 - (-1 - (6 - (3 - (-1 - 1))))?
-8
What is 4 + 11 + -11 - (4 + -2 + -3)?
5
Calculate 1 + 3 - 4 - (-26 - -26).
0
What is -48 + (50 - 25) - -21?
-2
Calculate (-16 + -1 - (0 + -17)) + (7 - 0).
7
Evaluate 9 + -1 - -1 - (3 - 15 - -4).
17
Evaluate 47 + (31 - 33) - 72.
-27
Evaluate -19 - -6 - ((-6 - -4) + -6 - -2).
-7
What is the value of -37 - (2 + 4 + -6) - -16?
-21
(-6 - (-16 + 1 + 9)) + (1 - 1)
0
Calculate 6 - (14 - (-17 - (5 + -12))).
-18
3 + -13 + 16 + (-2 + -1 - 8)
-5
Evaluate -3 + (-4 - -8) - (-6 + 14).
-7
Calculate (2 + 0 - 9 - (-27 + 21)) + 10.
9
Evaluate 1 + -4 + -15 + -13 + 21.
-10
What is 8 + (-4 - ((-1 - -1) + -7 + 23))?
-12
What is 17 + -1 + 0 + 4 + -12 + 5?
13
What is -3 + 6 + -2 - (-3 + (6 - -8))?
-10
What is 4 - (6 - 7) - (-32 - -42)?
-5
What is the value of -25 - (-41 + 18) - 12?
-14
What is the value of 13 - (-23 + (15 - -5))?
16
Calculate (-33 + -3 - (-19 - 1 - -11)) + 6.
-21
5 - 4 - (13 + -6 + -11 - -7)
-2
Calculate -41 + 48 + -26 + 33.
14
What is (1152 - 1173) + (9 - (-2 - 0)) + -24?
-34
Calculate 8 + ((1 - 7) + (6 - 8) - -5).
5
-10 + 21 + -11 + 3 + -18
-15
Evaluate 27 + (-44 - (-58 - -33)).
8
(-6 - 4 - -5) + 8 + -14
-11
Evaluate 14 + -9 + (15 - 12).
8
Calculate (20 - 73) + 20 + 14.
-19
What is -17 + 34 + (-28 - -8)?
-3
Evaluate 45 + -49 + -14 + -19.
-37
What is -7 + -2 - (-6 + (-6 - -16))?
-13
11 + -11 + -1 + (8 - 12)
-5
What is the value of 48 - 41 - (-1 - -2 - 2)?
8
What is the value of -4 + 11 - (33 - 35)?
9
What is the value of (-5 + 4 - -3) + (10 + -2 - 10)?
0
What is the value of -4 + 30 + -172 + 149?
3
What is the value of -5 + (33 + -29 - (0 - 8))?
7
(-401 - -427) + (-2 - 39)
-15
(-21 + 5 - 10) + 11
-15
Evaluate -6 + 5 + 2 + -9 - (-30 - -8).
14
What is -32 - -3 - (-166 - -146)?
-9
Evaluate 6 + (-6 - (-11 - 3)).
14
What is -1 - (-4 + (2 + -14 - -5))?
10
What is the value of -14 - (-1 + (10 - 2) + -11)?
-10
22 - ((298 - 306) + (1 - 3))
32
-6 + 6 + (-2 - 4) + -5
-11
Calculate -7 + (1 - 1) + -10 + 11 + -3.
-9
Calculate -45 - -19 - (-7 + -2 + 6 + 10).
-33
Evaluate -21 + (-4 - -16) - ((-3 - -9) + 1).
-16
What is the value of (9 + -10 - -7) + 1 + -1 + 2?
8
What is 20 + (2 - (13 + -23)) + -6?
26
What is the value of -14 - (-16 - (-8 + -2))?
-8
What is 9 + -24 + (-3 - (-5 - 37))?
24
Evaluate (-77 - -63) + (-2 - -15).
-1
(9 - 22) + (18 - (-2 - 0))
7
45 + 16 + (-80 - -41)
22
What is -18 + (-2 - (5 + 3)) - (2 - 10)?
-20
(-7 - (-2 - -7)) + (10 - 1)
-3
What is the value of 2 + -3 + (-6 - -1)?
-6
What is 8 - 5 - (-3 - -12) - -13?
7
Calculate (14 + -14 - (7 + 0)) + -7.
-14
What is the value of 19 + -6 + 1 + -3 + (-4 - -5)?
12
What is the value of (2059 - 2047) + (-1 - -2) + 4?
17
Evaluate 19 - ((-15 - 5) + 41).
-2
What is -7 + (3 - -1 - (18 - (-20 - -48)))?
7
Calculate -6 + (22 - 1) - 13.
2
2 + -5 + -9 + -7 + 20
1
Evaluate -16 + 0 - (207 + -198).
-25
-6 + 2 - ((-5 - (3 + -3)) + 17)
-16
What is -1 + 4 + -5 + 15 - (-9 + 2)?
20
Calculate (11 + -9 + 13 + -11 - -13) + -6.
11
17 + -25 + -3 + 9
-2
(11 - (-5 - (-10 - -2))) + -7
1
Evaluate -3 + (29 - (9 + -25 + 18)).
24
What is the value of 14 - ((-23 - -18) + 10)?
9
-48 + (15 - 30 - -44)
-19
What is the value of (-3 - 5) + 10 - (-6 + -2 + 5)?
5
Evaluate -20 - -11 - (-1 + -1 + 1).
-8
Calculate -5 - -25 - -1 - (-38 + (2 - -25)).
32
Evaluate 3 - 1 - (8 - (11 - (13 + 2))).
-10
Evaluate (0 - 3) + 22 + -33 + 5.
-9
What is the value of 30 - 38 - -5 - (0 + (0 - 11))?
8
Calculate (3 - 0 - (10 + -1)) + (0 - 0).
-6
What is -12 - (-15 + (3 - -2 - 0))?
-2
What is 1 + (-33 - (-7 + -4)) + (11 - 3)?
-13
Calculate -1 - (-14 - -27 - -1).
-15
Calculate (5 - 0) + 2 - (-1 - 0 - -21).
-13
Calculate -26 + (-4 - -17) + 5.
-8
What is the value of -8 + (5 - (-1 - (35 - 4)) - 8)?
21
Evaluate -12 + -1 + 8 + 19 + -17.
-3
Evaluate (-53 - (0 - 32)) + 14.
-7
What is (6 - 2 - (-13 + 1 - -24)) + -2?
-10
Evaluate -2 + 1 + 7 + 35 - (-317 - -329).
29
What is 16 + ((-7 - -4 - 1) + -3 - -8)?
17
What is -14 + 0 + 1 + 37 + 53 + -87?
-10
What is the value of -14 + 0 - (-14 - -14 - 14)?
0
Calculate 46 - 58 - (-8 + (2 - 1)).
-5
What is -3 + -17 + 30 + -12?
-2
What is the value of 4 + (-4 + (8 - 12) - 1) - -3?
-2
Calculate 63 - (9 + -29 - -63).
20
Evaluate -19 + 1 - (-9 - (-4 + 17 + -24)).
-20
Evaluate 11 + (21 - 24) + 0 + -3 + 9.
14
8 + -2 + (-51 - -49) - (8 + -1)
-3
Calculate -22 - (-14 - (1 - 10)) - -9.
-8
What is (-1 + -4 - 14) + (7 - (7 - -7))?
-26
What is the value of 2 + -6 + (6 + 14 - 10)?
6
What is 1 - 26 - (17 + -19 + (33 - 21))?
-35
Calculate -5 - (13 + -2) - -2.
-14
11 + (-21 + 20 - -4)
14
-1 + 7 - (31 - 14) - (-22 + -1)
12
(11 - ((-24 - -8) + 12)) + -5
10
Calculate -1 - (-1 + -6 + -5 + 9 + -5).
7
What is the value of -24 - (-39 + 13 + -7)?
9
Calculate -11 + (8 - -3) + -5 + -9.
-14
What is 15 + -14 - (-10 - -18)?
-7
Evaluate (1 - 2) + (1 - (-9 - -8) - 18).
-17
Calculate (2 - -1 - 1) + (-16 - (-39 - -24)).
1
Evaluate -6 - (3 + 10 - 1 - 7).
-11
-11 + (0 - (1 + 3 - (69 + -61)))
-7
What is 4 + (-46 - -48 - (3 + (-5 - 4)))?
12
What is (-9 - -1) + 50 + -51 - 1?
-10
Evaluate 218 - 225 - (-1 + 4 - -1).
-11
Calculate -2 + -2 - (-5 - (23 + -8)).
16
Calculate (6 - (0 - (-15 - -5))) + (-20 - -7).
-17
Calculate 2 + (26 - -13) - 33.
8
Evaluate -13 - (-24 + (-10 - -16)) - -1.
6
What is 8 + -3 + (71 - 54 - (1 + -1))?
22
Evaluate 9 + -2 + -7 + -18.
-18
34 - (9 + -19 + 27)
17
Calculate -9 - (2 + -5) - (1 - -3) - -1.
-9
Calculate -16 - (-21 + 19) - (2 - -13).
-29
What is (-3 - (0 - 3)) + (-13 + 48 - 30)?
5
-38 + (-23 + 38 - -6)
-17
2738 + -2748 - (6 + -2 + 3 + 1)
-18
What is the value of 11 + (3 - (3 + 4 - (7 - 5)))?
9
Calculate 1 + 2 + 18 + 3 + -37.
-13
Evaluate (3 - -11) + -18 + -6 + -4.
-14
Evaluate -44 + 100 - (10 + -7 + 16).
37
What is the value of 0 + -22 + (95 - 78)?
-5
What is the value of (2 - -6) + 11 + -7 - (1 - 1)?
12
What is -37 + 32 + (-9 - -31)?
17
Evaluate (0 - -1) + -36 + 39 - -7.
11
What is (4 - 1) + 13 - (70 + -24)?
-30
Calculate (4 - (0 - 4)) + -11 + 20.
17
What is 11 - (24 - 0 - (406 - 391))?
2
What is 1 + 2 + -6 - ((-10 - 9) + -3)?
19
3 + (-3 - (5 + 2) - -15)
8
What is the value of 26 + 1 - (589 - 584)?
22
What is the val